b031
-273403 (base 8) to base 6
-2020243
21232310313 (base 4) to base 14
4a59b1
What is 26002417 (base 9) in base 6?
1133225154
Convert 21024323 (base 6) to base 7.
5120511
Convert -506642 (base 15) to base 14.
-715849
Convert 611d (base 16) to base 8.
60435
-77b8 (base 16) to base 13
-10c47
115422102 (base 6) to base 14
41d834
What is b481b (base 14) in base 9?
732814
What is -4042024 (base 5) in base 10?
-65264
-155334 (base 8) to base 5
-3243103
66040 (base 7) to base 10
16492
2021001112210 (base 3) to base 12
49b593
Convert 2670847 (base 9) to base 16.
1655f2
What is -19b16a (base 12) in base 2?
-1101111000000100010
416040 (base 10) to base 14
ab892
6131b6 (base 15) to base 11
2674133
What is 4ce42 (base 15) in base 8?
740704
What is -495364 (base 10) in base 13?
-14461c
25540103 (base 6) to base 9
1515443
What is -1337611 (base 8) in base 9?
-633670
What is -12200120121010 (base 3) in base 11?
-1785143
-1412313 (base 10) to base 12
-581389
Convert 641867 (base 9) to base 13.
104b2a
-2621550 (base 7) to base 10
-341565
Convert 41101023 (base 8) to base 9.
17305245
What is -11ab5b (base 12) in base 15?
-5a738
Convert -6b8199 (base 12) to base 15.
-2441d3
What is -24106324 (base 9) in base 3?
-211010020100211
-a88c (base 15) to base 12
-18796
-31011000312 (base 4) to base 2
-1101000101000000110110
What is 55054351 (base 6) in base 15?
2260cd
83593 (base 10) to base 3
11020200001
What is -732b3 (base 13) in base 12?
-9b962
-50315045 (base 7) to base 6
-225232045
-269912 (base 16) to base 13
-6a74a1
What is 11010101101010010 (base 2) in base 11?
7520a
What is 1121110220 (base 3) in base 9?
47426
1053744 (base 11) to base 15
2680a4
-48074 (base 12) to base 9
-156767
-264657 (base 10) to base 5
-31432112
What is 1177144 (base 9) in base 13?
196090
-b9904 (base 12) to base 11
-158040
What is -10651530 (base 10) in base 15?
-e06020
Convert -b22b1 (base 13) to base 11.
-1a8783
What is -11100111021 (base 3) in base 2?
-10100111010010011
What is 141127 (base 10) in base 16?
22747
Convert 55400 (base 15) to base 7.
2205540
ab691c (base 14) to base 4
112030222332
Convert 398987 (base 12) to base 4.
3213201313
What is da3c3 (base 16) in base 8?
3321703
Convert 3a9a716 (base 11) to base 7.
114050362
Convert 534420 (base 7) to base 11.
63812
-62943 (base 14) to base 9
-402180
What is -34303140 (base 5) in base 10?
-306670
What is -1110000001111101100 (base 2) in base 8?
-1601754
-156652200 (base 7) to base 15
-e15e96
What is 100001111011100011101 (base 2) in base 13?
2cc0bc
-1839a42 (base 13) to base 7
-124120522
32ef3f (base 16) to base 5
1323304142
What is -62ddd (base 15) in base 3?
-120221020001
b66924 (base 14) to base 3
102121012112200
Convert -10bd2 (base 14) to base 16.
-9f34
6679881 (base 11) to base 6
1055002255
What is 222200240 (base 5) in base 15?
143d9a
What is -7a4849 (base 11) in base 14?
-254728
Convert -1d13d (base 14) to base 8.
-221143
Convert 39902 (base 11) to base 8.
157241
Convert -72890a (base 11) to base 16.
-11d402
a80a80 (base 11) to base 16
1a61a8
What is -2541423 (base 9) in base 12?
-569919
Convert 3222777 (base 10) to base 13.
88ab8c
Convert -2133031030 (base 4) to base 10.
-652108
Convert -1111100011101000000000 (base 2) to base 6.
-223224000
Convert -1131113112 (base 4) to base 7.
-3151635
Convert 520273 (base 11) to base 9.
1512181
Convert -3302010 (base 5) to base 2.
-1101110010111001
7455673 (base 8) to base 9
3662145
What is 32314210 (base 5) in base 3?
112000211220
What is -16607671 (base 8) in base 10?
-3870649
Convert 298439 (base 10) to base 15.
5d65e
Convert -205122 (base 8) to base 2.
-10000101001010010
What is -638247 (base 12) in base 14?
-2cbcd9
299596 (base 13) to base 2
11111001000111011000
What is 806e88 (base 15) in base 12?
20612a8
Convert 84464 (base 10) to base 4.
110213300
Convert 430a36 (base 13) to base 3.
2221220012002
-145cdac (base 14) to base 15
-d0ace5
Convert 212123333220 (base 4) to base 11.
5762394
What is -9359a6 (base 15) in base 13?
-15b3769
What is -100010012220 (base 3) in base 14?
-495ad
36430426 (base 7) to base 15
44349a
Convert -3c4703c (base 13) to base 7.
-321024614
What is -22745a (base 15) in base 13?
-457756
What is 1011212210 (base 3) in base 8?
55311
Convert 1680a04 (base 11) to base 10.
2856209
-120111012222 (base 3) to base 13
-a8a07
Convert 9275168 (base 11) to base 6.
1342552240
What is -a7e9 (base 15) in base 11?
-24783
Convert -a172 (base 12) to base 16.
-4466
Convert -11312111 (base 4) to base 5.
-1231312
19aefa (base 16) to base 2
110011010111011111010
Convert 21400411 (base 5) to base 12.
8a915
Convert 1432433 (base 5) to base 11.
208a8
What is 96378 (base 10) in base 16?
1787a
What is -716440 (base 9) in base 8?
-1475276
What is -1811 (base 12) in base 11?
-21a0
30521a (base 12) to base 8
2703366
Convert -19183 (base 10) to base 15.
-5a3d
What is 41e6e3 (base 15) in base 2?
1011111101110110101010
Convert -121303222 (base 4) to base 7.
-620116
What is -5402126 (base 7) in base 3?
-1020100011202
Convert 1514210 (base 8) to base 16.
69888
What is 8a781 (base 13) in base 14?
67a5c
Convert 1031123021 (base 4) to base 16.
4d6c9
-4202422 (base 5) to base 3
-10111210201
Convert 47b6b9 (base 14) to base 9.
4546125
Convert -5551173 (base 11) to base 5.
-4443102142
Convert 2077766 (base 8) to base 12.
22a446
Convert -1001001001220 (base 3) to base 11.
-347721
Convert 202120110121100 (base 3) to base 5.
10244331004
Convert -118185 (base 10) to base 13.
-41a42
2490955 (base 11) to base 12
1544184
What is -12121000321 (base 4) in base 15?
-2315d1
Convert 223200130 (base 4) to base 16.
2b81c
What is -54990e (base 15) in base 16?
-3d852d
Convert -1001001011001101100 (base 2) to base 8.
-1113154
1031772 (base 9) to base 10
552485
5c032 (base 16) to base 6
12024454
Convert -101222110002 (base 4) to base 5.
-2141123022
468721 (base 10) to base 4
1302123301
What is -1003013 (base 5) in base 2?
-11111010001000
Convert -540468 (base 12) to base 13.
-376475
Convert -100001001010110001 (base 2) to base 10.
-135857
What is 350033 (base 8) in base 5?
12300221
21212332 (base 4) to base 7
222514
What is -10644106 (base 7) in base 11?
-589879
-38c571c (base 13) to base 6
-1433345440
Convert -5a8034 (base 11) to base 9.
-1726077
Convert 11014317 (base 8) to base 10.
2365647
-91670 (base 10) to base 2
-10110011000010110
What is -3173f5 (base 16) in base 3?
-20002122202011
What is -41b24 (base 13) in base 15?
-250da
Convert -14241424 (base 6) to base 3.
-220202221221
What is -343014243 (base 5) in base 14?
-2bc688
1104101435 (base 6) to base 4
231211333133
Convert -52406363 (base 7) to base 5.
-2113004431
What is 1289a92 (base 11) in base 6?
115400401
Convert -161408 (base 12) to base 8.
-1335410
Convert 88122 (base 13) to base 16.
3c1f5
Convert 1517435 (base 9) to base 2.
11001100110000110010
Convert 22101220001 (base 3) to base 16.
2861b
Convert 1001100100111100011 (base 2) to base 7.
2444643
b7cc90 (base 13) to base 14
803951
What is -433340440 (base 5) in base 14?
-364413
Convert 1110010000011000011 (base 2) to base 13.
13481a
-4472a1 (base 12) to base 10
-1090777
What is -350262 (base 8) in base 15?
-253ac
What is 102652 (base 10) in base 7?
605164
Convert -1021212120011 (base 3) to base 2.
-10100111100100111110
Convert -22323122 (base 4) to base 15.
-d3e2
What is -13303221 (base 4) in base 6?
-404013
What is 1002011012110 (base 3) in base 9?
1064173
-11245102 (base 6) to base 2
-1010101000100011110
Convert 42093 (base 12) to base 8.
250757
-435257 (base 10) to base 7
-3461654
What is -1030333220 (base 4) in base 12?
-132608
What is 49811 (base 14) in base 16?
2bee7
-241213 (base 5) to base 4
-2023211
Convert -134939 (base 11) to base 6.
-4310501
What is -22102122212 (base 3) in base 2?
-101000100001001101
-120001111022202 (base 3) to base 11
-4575307
Convert 13031255 (base 6) to base 14.
b07bd
-6667 (base 11) to base 10
-8785
Convert 27859a (base 15) to base 2.
111010000001101010011
Convert 2181303 (base 9) to base 8.
4367542
Convert 275228 (base 9) to base 2.
101000111110110010
Convert -266a90 (base 11) to base 12.
-18274b
What is -110110011111011101 (base 2) in base 7?
-1616502
What is 482180 (base 14) in base 10?
2464420
What is 5339a6 (base 16) in base 13?
118c785
What is -101210120